{"id":1514,"date":"2023-06-23T08:34:21","date_gmt":"2023-06-23T06:34:21","guid":{"rendered":"https:\/\/chateaubriant-histoire.fr\/?page_id=1514"},"modified":"2023-06-23T10:18:42","modified_gmt":"2023-06-23T08:18:42","slug":"pages-dhistoire","status":"publish","type":"page","link":"https:\/\/chateaubriant-histoire.fr\/index.php\/pages-dhistoire\/","title":{"rendered":"Pages d&rsquo;Histoire"},"content":{"rendered":"\t\t<div data-elementor-type=\"wp-page\" data-elementor-id=\"1514\" class=\"elementor elementor-1514\" data-elementor-post-type=\"page\">\n\t\t\t\t<div class=\"elementor-element elementor-element-5176ff4e e-con-full e-flex e-con e-parent\" data-id=\"5176ff4e\" data-element_type=\"container\" data-settings=\"{&quot;background_background&quot;:&quot;classic&quot;,&quot;shape_divider_top&quot;:&quot;opacity-fan&quot;}\">\n\t\t\t\t<div class=\"elementor-shape elementor-shape-top\" aria-hidden=\"true\" data-negative=\"false\">\n\t\t\t<svg xmlns=\"http:\/\/www.w3.org\/2000\/svg\" viewBox=\"0 0 283.5 19.6\" preserveAspectRatio=\"none\">\n\t<path class=\"elementor-shape-fill\" style=\"opacity:0.33\" d=\"M0 0L0 18.8 141.8 4.1 283.5 18.8 283.5 0z\"\/>\n\t<path class=\"elementor-shape-fill\" style=\"opacity:0.33\" d=\"M0 0L0 12.6 141.8 4 283.5 12.6 283.5 0z\"\/>\n\t<path class=\"elementor-shape-fill\" style=\"opacity:0.33\" d=\"M0 0L0 6.4 141.8 4 283.5 6.4 283.5 0z\"\/>\n\t<path class=\"elementor-shape-fill\" d=\"M0 0L0 1.2 141.8 4 283.5 1.2 283.5 0z\"\/>\n<\/svg>\t\t<\/div>\n\t\t<div class=\"elementor-element elementor-element-d2dc39f e-con-full e-flex e-con e-parent\" data-id=\"d2dc39f\" data-element_type=\"container\" data-settings=\"{&quot;background_background&quot;:&quot;classic&quot;,&quot;shape_divider_top&quot;:&quot;opacity-fan&quot;}\">\n\t\t\t\t<div class=\"elementor-shape elementor-shape-top\" aria-hidden=\"true\" data-negative=\"false\">\n\t\t\t<svg xmlns=\"http:\/\/www.w3.org\/2000\/svg\" viewBox=\"0 0 283.5 19.6\" preserveAspectRatio=\"none\">\n\t<path class=\"elementor-shape-fill\" style=\"opacity:0.33\" d=\"M0 0L0 18.8 141.8 4.1 283.5 18.8 283.5 0z\"\/>\n\t<path class=\"elementor-shape-fill\" style=\"opacity:0.33\" d=\"M0 0L0 12.6 141.8 4 283.5 12.6 283.5 0z\"\/>\n\t<path class=\"elementor-shape-fill\" style=\"opacity:0.33\" d=\"M0 0L0 6.4 141.8 4 283.5 6.4 283.5 0z\"\/>\n\t<path class=\"elementor-shape-fill\" d=\"M0 0L0 1.2 141.8 4 283.5 1.2 283.5 0z\"\/>\n<\/svg>\t\t<\/div>\n\t\t\t\t<div class=\"elementor-element elementor-element-1e45816 elementor-widget elementor-widget-spacer\" data-id=\"1e45816\" data-element_type=\"widget\" data-widget_type=\"spacer.default\">\n\t\t\t\t<div class=\"elementor-widget-container\">\n\t\t\t\t\t\t\t<div class=\"elementor-spacer\">\n\t\t\t<div class=\"elementor-spacer-inner\"><\/div>\n\t\t<\/div>\n\t\t\t\t\t\t<\/div>\n\t\t\t\t<\/div>\n\t\t\t\t<div class=\"elementor-element elementor-element-c9abfb8 elementor-headline--style-highlight elementor-widget elementor-widget-animated-headline\" data-id=\"c9abfb8\" data-element_type=\"widget\" data-settings=\"{&quot;marker&quot;:&quot;underline&quot;,&quot;highlighted_text&quot;:&quot;Histoire&quot;,&quot;headline_style&quot;:&quot;highlight&quot;,&quot;loop&quot;:&quot;yes&quot;,&quot;highlight_animation_duration&quot;:1200,&quot;highlight_iteration_delay&quot;:8000}\" data-widget_type=\"animated-headline.default\">\n\t\t\t\t<div class=\"elementor-widget-container\">\n\t\t\t\t\t\t\t<h3 class=\"elementor-headline\">\n\t\t\t\t\t<span class=\"elementor-headline-plain-text elementor-headline-text-wrapper\">Pages d'<\/span>\n\t\t\t\t<span class=\"elementor-headline-dynamic-wrapper elementor-headline-text-wrapper\">\n\t\t\t\t\t<span class=\"elementor-headline-dynamic-text elementor-headline-text-active\">Histoire<\/span>\n\t\t\t\t<\/span>\n\t\t\t\t<\/h3>\n\t\t\t\t\t\t<\/div>\n\t\t\t\t<\/div>\n\t\t\t\t<div class=\"elementor-element elementor-element-e3a64ee elementor-widget elementor-widget-spacer\" data-id=\"e3a64ee\" data-element_type=\"widget\" data-widget_type=\"spacer.default\">\n\t\t\t\t<div class=\"elementor-widget-container\">\n\t\t\t\t\t\t\t<div class=\"elementor-spacer\">\n\t\t\t<div class=\"elementor-spacer-inner\"><\/div>\n\t\t<\/div>\n\t\t\t\t\t\t<\/div>\n\t\t\t\t<\/div>\n\t\t\t\t<div class=\"elementor-element elementor-element-08866ab elementor-posts--align-left elementor-grid-3 elementor-grid-tablet-2 elementor-grid-mobile-1 elementor-posts--thumbnail-top elementor-card-shadow-yes elementor-posts__hover-gradient elementor-widget elementor-widget-posts\" data-id=\"08866ab\" data-element_type=\"widget\" data-settings=\"{&quot;cards_masonry&quot;:&quot;yes&quot;,&quot;pagination_type&quot;:&quot;load_more_infinite_scroll&quot;,&quot;cards_columns&quot;:&quot;3&quot;,&quot;cards_columns_tablet&quot;:&quot;2&quot;,&quot;cards_columns_mobile&quot;:&quot;1&quot;,&quot;cards_row_gap&quot;:{&quot;unit&quot;:&quot;px&quot;,&quot;size&quot;:35,&quot;sizes&quot;:[]},&quot;cards_row_gap_tablet&quot;:{&quot;unit&quot;:&quot;px&quot;,&quot;size&quot;:&quot;&quot;,&quot;sizes&quot;:[]},&quot;cards_row_gap_mobile&quot;:{&quot;unit&quot;:&quot;px&quot;,&quot;size&quot;:&quot;&quot;,&quot;sizes&quot;:[]},&quot;load_more_spinner&quot;:{&quot;value&quot;:&quot;fas fa-spinner&quot;,&quot;library&quot;:&quot;fa-solid&quot;}}\" data-widget_type=\"posts.cards\">\n\t\t\t\t<div class=\"elementor-widget-container\">\n\t\t\t\t\t\t\t<div class=\"elementor-posts-container elementor-posts elementor-posts--skin-cards elementor-grid\" role=\"list\">\n\t\t\t\t<article class=\"elementor-post elementor-grid-item post-1549 post type-post status-publish format-standard has-post-thumbnail hentry category-pages_histoires entry\" role=\"listitem\">\n\t\t\t<div class=\"elementor-post__card\">\n\t\t\t\t<a class=\"elementor-post__thumbnail__link\" href=\"https:\/\/chateaubriant-histoire.fr\/index.php\/2024\/05\/01\/genealogie-des-seigneurs-de-chateaubriant11e-12e-siecles\/\" tabindex=\"-1\" ><div class=\"elementor-post__thumbnail\"><img fetchpriority=\"high\" decoding=\"async\" width=\"750\" height=\"975\" src=\"https:\/\/chateaubriant-histoire.fr\/wp-content\/uploads\/2023\/01\/23-01-01Genealogie-11-12-768x998.jpg\" class=\"attachment-medium_large size-medium_large wp-image-1556\" alt=\"\" srcset=\"https:\/\/chateaubriant-histoire.fr\/wp-content\/uploads\/2023\/01\/23-01-01Genealogie-11-12-768x998.jpg 768w, https:\/\/chateaubriant-histoire.fr\/wp-content\/uploads\/2023\/01\/23-01-01Genealogie-11-12-231x300.jpg 231w, https:\/\/chateaubriant-histoire.fr\/wp-content\/uploads\/2023\/01\/23-01-01Genealogie-11-12-788x1024.jpg 788w, https:\/\/chateaubriant-histoire.fr\/wp-content\/uploads\/2023\/01\/23-01-01Genealogie-11-12.jpg 1073w\" sizes=\"(max-width: 750px) 100vw, 750px\" style=\"width:100%;height:130.01%;max-width:1073px;\" \/><\/div><\/a>\n\t\t\t\t<div class=\"elementor-post__text\">\n\t\t\t\t<h3 class=\"elementor-post__title\">\n\t\t\t<a href=\"https:\/\/chateaubriant-histoire.fr\/index.php\/2024\/05\/01\/genealogie-des-seigneurs-de-chateaubriant11e-12e-siecles\/\" >\n\t\t\t\tG\u00e9n\u00e9alogie des seigneurs de Ch\u00e2teaubriant, 11e-12e si\u00e8cles\t\t\t<\/a>\n\t\t<\/h3>\n\t\t\t\t<div class=\"elementor-post__excerpt\">\n\t\t\t<p>Cette g\u00e9n\u00e9alogie se comprend et s\u2019analyse dans le cadre de l\u2019ouvrage \u00ab&nbsp;Ch\u00e2teaubriant au Moyen \u00c2ge&nbsp;\u00bb. Le lignage des Ch\u00e2teaubriant na\u00eet au d\u00e9but du 11e si\u00e8cle. Pendant deux si\u00e8cles, les pr\u00e9noms donn\u00e9s aux a\u00een\u00e9s alternent : Brient et Geoffroy. Cette r\u00e9p\u00e9tition forge l\u2019identit\u00e9 de la dynastie de Ch\u00e2teaubriant et le lieu de Ch\u00e2teau Brient, la principale terre du lignage. La lign\u00e9e familiale de Brient jusqu\u2019en 1116 &#8211; La lign\u00e9e familiale de Brient, avec ses parents, son \u00e9pouse et ses fils ne pose pas trop de probl\u00e8mes, en sachant les limites de nos sources. En revanche, la g\u00e9n\u00e9ration des petits-fils de Brient 1er a soulev\u00e9 des questions plus g\u00e9n\u00e9rales que le cadre castelbriantais. Aujourd\u2019hui, la g\u00e9n\u00e9alogie des Ch\u00e2teaubriant est claire : Brient<\/p>\n\t\t<\/div>\n\t\t\n\t\t<a class=\"elementor-post__read-more\" href=\"https:\/\/chateaubriant-histoire.fr\/index.php\/2024\/05\/01\/genealogie-des-seigneurs-de-chateaubriant11e-12e-siecles\/\" aria-label=\"En savoir plus sur G\u00e9n\u00e9alogie des seigneurs de Ch\u00e2teaubriant, 11e-12e si\u00e8cles\" tabindex=\"-1\" >\n\t\t\tLire l'article \u00bb\t\t<\/a>\n\n\t\t\t\t<\/div>\n\t\t\t\t<div class=\"elementor-post__meta-data\">\n\t\t\t\t\t<span class=\"elementor-post-date\">\n\t\t\t1 mai 2024\t\t<\/span>\n\t\t\t\t<\/div>\n\t\t\t\t\t<\/div>\n\t\t<\/article>\n\t\t\t\t<article class=\"elementor-post elementor-grid-item post-1475 post type-post status-publish format-standard has-post-thumbnail hentry category-pages_histoires entry\" role=\"listitem\">\n\t\t\t<div class=\"elementor-post__card\">\n\t\t\t\t<a class=\"elementor-post__thumbnail__link\" href=\"https:\/\/chateaubriant-histoire.fr\/index.php\/2023\/06\/22\/geoffroy-v-et-la-creation-de-lhopital-de-la-trinite\/\" tabindex=\"-1\" ><div class=\"elementor-post__thumbnail\"><img decoding=\"async\" width=\"350\" height=\"344\" src=\"https:\/\/chateaubriant-histoire.fr\/wp-content\/uploads\/2023\/06\/23-06-19-Geoffroy-V-A.jpeg\" class=\"attachment-medium_large size-medium_large wp-image-1481\" alt=\"\" srcset=\"https:\/\/chateaubriant-histoire.fr\/wp-content\/uploads\/2023\/06\/23-06-19-Geoffroy-V-A.jpeg 350w, https:\/\/chateaubriant-histoire.fr\/wp-content\/uploads\/2023\/06\/23-06-19-Geoffroy-V-A-300x295.jpeg 300w\" sizes=\"(max-width: 350px) 100vw, 350px\" style=\"width:100%;height:98.29%;max-width:350px;\" \/><\/div><\/a>\n\t\t\t\t<div class=\"elementor-post__text\">\n\t\t\t\t<h3 class=\"elementor-post__title\">\n\t\t\t<a href=\"https:\/\/chateaubriant-histoire.fr\/index.php\/2023\/06\/22\/geoffroy-v-et-la-creation-de-lhopital-de-la-trinite\/\" >\n\t\t\t\tGeoffroy V et la cr\u00e9ation de l\u2019h\u00f4pital de la Trinit\u00e9\t\t\t<\/a>\n\t\t<\/h3>\n\t\t\t\t<div class=\"elementor-post__excerpt\">\n\t\t\t<p>Geoffroy V, seigneur baron de Ch\u00e2teaubriant, na\u00eet en 1216. En 1233, il succ\u00e8de \u00e0 son oncle Geoffroy IV qui avait d\u00e9j\u00e0 adopt\u00e9 de nouvelles armoiries\u00a0: des fleurs de lys d\u2019or sans nombre sur fond de gueules (rouge). Il se marie deux fois, avec Sibille de Bretagne et de Pordic en premier mariage, puis apr\u00e8s la mort de Sibille, il se remarie en 1236 avec Aumur de Thouars. Il accompagne Saint-Louis en croisade, et il revient tr\u00e8s vite en France apr\u00e8s la capture du roi \u00e0 la bataille de la Mansourah les 8-9 f\u00e9vrier 1250. S\u2019il est prisonnier en \u00c9gypte, ce n\u2019est que quelques semaines puisqu\u2019il est \u00e0 Melleray le 20 ao\u00fbt 1250 o\u00f9 il fait un don aux moines.<\/p>\n\t\t<\/div>\n\t\t\n\t\t<a class=\"elementor-post__read-more\" href=\"https:\/\/chateaubriant-histoire.fr\/index.php\/2023\/06\/22\/geoffroy-v-et-la-creation-de-lhopital-de-la-trinite\/\" aria-label=\"En savoir plus sur Geoffroy V et la cr\u00e9ation de l\u2019h\u00f4pital de la Trinit\u00e9\" tabindex=\"-1\" >\n\t\t\tLire l'article \u00bb\t\t<\/a>\n\n\t\t\t\t<\/div>\n\t\t\t\t<div class=\"elementor-post__meta-data\">\n\t\t\t\t\t<span class=\"elementor-post-date\">\n\t\t\t22 juin 2023\t\t<\/span>\n\t\t\t\t<\/div>\n\t\t\t\t\t<\/div>\n\t\t<\/article>\n\t\t\t\t<article class=\"elementor-post elementor-grid-item post-1452 post type-post status-publish format-standard has-post-thumbnail hentry category-pages_histoires entry\" role=\"listitem\">\n\t\t\t<div class=\"elementor-post__card\">\n\t\t\t\t<a class=\"elementor-post__thumbnail__link\" href=\"https:\/\/chateaubriant-histoire.fr\/index.php\/2023\/01\/15\/la-naissance-du-corps-des-sapeurs-pompiers-de-chateaubriant\/\" tabindex=\"-1\" ><div class=\"elementor-post__thumbnail\"><img decoding=\"async\" width=\"750\" height=\"483\" src=\"https:\/\/chateaubriant-histoire.fr\/wp-content\/uploads\/2023\/06\/23-06-09-Commune-dAsnan-Nievre-58-La-pompe-a-incendie-1-768x495.png\" class=\"attachment-medium_large size-medium_large wp-image-1453\" alt=\"\" srcset=\"https:\/\/chateaubriant-histoire.fr\/wp-content\/uploads\/2023\/06\/23-06-09-Commune-dAsnan-Nievre-58-La-pompe-a-incendie-1-768x495.png 768w, https:\/\/chateaubriant-histoire.fr\/wp-content\/uploads\/2023\/06\/23-06-09-Commune-dAsnan-Nievre-58-La-pompe-a-incendie-1-300x193.png 300w, https:\/\/chateaubriant-histoire.fr\/wp-content\/uploads\/2023\/06\/23-06-09-Commune-dAsnan-Nievre-58-La-pompe-a-incendie-1.png 954w\" sizes=\"(max-width: 750px) 100vw, 750px\" style=\"width:100%;height:64.47%;max-width:954px;\" \/><\/div><\/a>\n\t\t\t\t<div class=\"elementor-post__text\">\n\t\t\t\t<h3 class=\"elementor-post__title\">\n\t\t\t<a href=\"https:\/\/chateaubriant-histoire.fr\/index.php\/2023\/01\/15\/la-naissance-du-corps-des-sapeurs-pompiers-de-chateaubriant\/\" >\n\t\t\t\tLa naissance du corps des sapeurs-pompiers de Ch\u00e2teaubriant\t\t\t<\/a>\n\t\t<\/h3>\n\t\t\t\t<div class=\"elementor-post__excerpt\">\n\t\t\t<p>\u00c0 l\u2019occasion des 10 ans du dernier centre d\u2019incendie et de secours, le 10 juin 2023, voici comment est n\u00e9 le corps des sapeurs-pompiers de Ch\u00e2teaubriant. 1815&nbsp;: un r\u00e8glement sans pompiers&nbsp;! Le 6 f\u00e9vrier 1815, l\u2019abb\u00e9 de Montesquiou, ministre de l\u2019Int\u00e9rieur de Louis XVIII, invite toutes les villes de France \u00e0 se doter d\u2019un corps de pompiers exp\u00e9riment\u00e9s. En octobre 1815, la sous-pr\u00e9fecture renouvelle l\u2019ordre au maire Martin Connesson d\u2019organiser au plus vite une compagnie de pompiers. Le maire se renseigne \u00e0 Nantes. Il re\u00e7oit un devis pour une \u00ab&nbsp;pompe garnie, toute \u00e9quip\u00e9e&nbsp;\u00bb, de 3&nbsp;358 francs, plus que toutes les recettes municipales de l\u2019ann\u00e9e&nbsp;!<\/p>\n\t\t<\/div>\n\t\t\n\t\t<a class=\"elementor-post__read-more\" href=\"https:\/\/chateaubriant-histoire.fr\/index.php\/2023\/01\/15\/la-naissance-du-corps-des-sapeurs-pompiers-de-chateaubriant\/\" aria-label=\"En savoir plus sur La naissance du corps des sapeurs-pompiers de Ch\u00e2teaubriant\" tabindex=\"-1\" >\n\t\t\tLire l'article \u00bb\t\t<\/a>\n\n\t\t\t\t<\/div>\n\t\t\t\t<div class=\"elementor-post__meta-data\">\n\t\t\t\t\t<span class=\"elementor-post-date\">\n\t\t\t15 janvier 2023\t\t<\/span>\n\t\t\t\t<\/div>\n\t\t\t\t\t<\/div>\n\t\t<\/article>\n\t\t\t\t<\/div>\n\t\t\t\t\t<span class=\"e-load-more-spinner\">\n\t\t\t\t<svg aria-hidden=\"true\" class=\"e-font-icon-svg e-fas-spinner\" viewBox=\"0 0 512 512\" xmlns=\"http:\/\/www.w3.org\/2000\/svg\"><path d=\"M304 48c0 26.51-21.49 48-48 48s-48-21.49-48-48 21.49-48 48-48 48 21.49 48 48zm-48 368c-26.51 0-48 21.49-48 48s21.49 48 48 48 48-21.49 48-48-21.49-48-48-48zm208-208c-26.51 0-48 21.49-48 48s21.49 48 48 48 48-21.49 48-48-21.49-48-48-48zM96 256c0-26.51-21.49-48-48-48S0 229.49 0 256s21.49 48 48 48 48-21.49 48-48zm12.922 99.078c-26.51 0-48 21.49-48 48s21.49 48 48 48 48-21.49 48-48c0-26.509-21.491-48-48-48zm294.156 0c-26.51 0-48 21.49-48 48s21.49 48 48 48 48-21.49 48-48c0-26.509-21.49-48-48-48zM108.922 60.922c-26.51 0-48 21.49-48 48s21.49 48 48 48 48-21.49 48-48-21.491-48-48-48z\"><\/path><\/svg>\t\t\t<\/span>\n\t\t\n\t\t\t\t\t\t<\/div>\n\t\t\t\t<\/div>\n\t\t\t\t<div class=\"elementor-element elementor-element-832733c elementor-widget elementor-widget-spacer\" data-id=\"832733c\" data-element_type=\"widget\" data-widget_type=\"spacer.default\">\n\t\t\t\t<div class=\"elementor-widget-container\">\n\t\t\t\t\t\t\t<div class=\"elementor-spacer\">\n\t\t\t<div class=\"elementor-spacer-inner\"><\/div>\n\t\t<\/div>\n\t\t\t\t\t\t<\/div>\n\t\t\t\t<\/div>\n\t\t\t\t<\/div>\n\t\t\t\t<\/div>\n\t\t<div class=\"elementor-element elementor-element-8bca966 e-flex e-con-boxed e-con e-parent\" data-id=\"8bca966\" data-element_type=\"container\" data-settings=\"{&quot;background_background&quot;:&quot;classic&quot;,&quot;shape_divider_top&quot;:&quot;opacity-fan&quot;}\">\n\t\t\t\t\t<div class=\"e-con-inner\">\n\t\t\t\t<div class=\"elementor-shape elementor-shape-top\" aria-hidden=\"true\" data-negative=\"false\">\n\t\t\t<svg xmlns=\"http:\/\/www.w3.org\/2000\/svg\" viewBox=\"0 0 283.5 19.6\" preserveAspectRatio=\"none\">\n\t<path class=\"elementor-shape-fill\" style=\"opacity:0.33\" d=\"M0 0L0 18.8 141.8 4.1 283.5 18.8 283.5 0z\"\/>\n\t<path class=\"elementor-shape-fill\" style=\"opacity:0.33\" d=\"M0 0L0 12.6 141.8 4 283.5 12.6 283.5 0z\"\/>\n\t<path class=\"elementor-shape-fill\" style=\"opacity:0.33\" d=\"M0 0L0 6.4 141.8 4 283.5 6.4 283.5 0z\"\/>\n\t<path class=\"elementor-shape-fill\" d=\"M0 0L0 1.2 141.8 4 283.5 1.2 283.5 0z\"\/>\n<\/svg>\t\t<\/div>\n\t\t\t\t<div class=\"elementor-element elementor-element-7caee17 elementor-widget elementor-widget-spacer\" data-id=\"7caee17\" data-element_type=\"widget\" data-widget_type=\"spacer.default\">\n\t\t\t\t<div class=\"elementor-widget-container\">\n\t\t\t\t\t\t\t<div class=\"elementor-spacer\">\n\t\t\t<div class=\"elementor-spacer-inner\"><\/div>\n\t\t<\/div>\n\t\t\t\t\t\t<\/div>\n\t\t\t\t<\/div>\n\t\t\t\t\t<\/div>\n\t\t\t\t<\/div>\n\t\t\t\t<\/div>\n\t\t","protected":false},"excerpt":{"rendered":"<p>Pages d&rsquo; Histoire<\/p>\n","protected":false},"author":1,"featured_media":0,"parent":0,"menu_order":0,"comment_status":"closed","ping_status":"closed","template":"elementor_header_footer","meta":{"footnotes":""},"class_list":["post-1514","page","type-page","status-publish","hentry","entry"],"_links":{"self":[{"href":"https:\/\/chateaubriant-histoire.fr\/index.php\/wp-json\/wp\/v2\/pages\/1514","targetHints":{"allow":["GET"]}}],"collection":[{"href":"https:\/\/chateaubriant-histoire.fr\/index.php\/wp-json\/wp\/v2\/pages"}],"about":[{"href":"https:\/\/chateaubriant-histoire.fr\/index.php\/wp-json\/wp\/v2\/types\/page"}],"author":[{"embeddable":true,"href":"https:\/\/chateaubriant-histoire.fr\/index.php\/wp-json\/wp\/v2\/users\/1"}],"replies":[{"embeddable":true,"href":"https:\/\/chateaubriant-histoire.fr\/index.php\/wp-json\/wp\/v2\/comments?post=1514"}],"version-history":[{"count":25,"href":"https:\/\/chateaubriant-histoire.fr\/index.php\/wp-json\/wp\/v2\/pages\/1514\/revisions"}],"predecessor-version":[{"id":1547,"href":"https:\/\/chateaubriant-histoire.fr\/index.php\/wp-json\/wp\/v2\/pages\/1514\/revisions\/1547"}],"wp:attachment":[{"href":"https:\/\/chateaubriant-histoire.fr\/index.php\/wp-json\/wp\/v2\/media?parent=1514"}],"curies":[{"name":"wp","href":"https:\/\/api.w.org\/{rel}","templated":true}]}}