{"id":41,"date":"2023-03-28T15:57:19","date_gmt":"2023-03-28T13:57:19","guid":{"rendered":"https:\/\/chateaubriant-histoire.ovh\/index.php\/about\/"},"modified":"2023-05-24T11:41:37","modified_gmt":"2023-05-24T09:41:37","slug":"about","status":"publish","type":"page","link":"https:\/\/chateaubriant-histoire.fr\/index.php\/about\/","title":{"rendered":"About"},"content":{"rendered":"\t\t<div data-elementor-type=\"wp-page\" data-elementor-id=\"41\" class=\"elementor elementor-41\" data-elementor-post-type=\"page\">\n\t\t\t\t<div class=\"elementor-element elementor-element-71fa82df e-con-full e-flex e-con e-parent\" data-id=\"71fa82df\" data-element_type=\"container\" data-settings=\"{&quot;background_background&quot;:&quot;classic&quot;}\">\n\t\t\t\t<div class=\"elementor-element elementor-element-39c05fb5 elementor-widget elementor-widget-heading\" data-id=\"39c05fb5\" data-element_type=\"widget\" data-widget_type=\"heading.default\">\n\t\t\t\t<div class=\"elementor-widget-container\">\n\t\t\t\t\t<h1 class=\"elementor-heading-title elementor-size-default\">HIPPAC<\/h1>\t\t\t\t<\/div>\n\t\t\t\t<\/div>\n\t\t\t\t<div class=\"elementor-element elementor-element-35b5a3cf elementor-widget__width-initial elementor-widget elementor-widget-text-editor\" data-id=\"35b5a3cf\" data-element_type=\"widget\" data-widget_type=\"text-editor.default\">\n\t\t\t\t<div class=\"elementor-widget-container\">\n\t\t\t\t\t\t\t\t\t<p><strong>Hi<\/strong>stoire et <strong>P<\/strong>atrimoine du <strong>Pa<\/strong>ys de <strong>C<\/strong>h\u00e2teaubriant<\/p>\t\t\t\t\t\t\t\t<\/div>\n\t\t\t\t<\/div>\n\t\t\t\t<div class=\"elementor-element elementor-element-1cebcdb7 elementor-widget elementor-widget-image\" data-id=\"1cebcdb7\" data-element_type=\"widget\" data-widget_type=\"image.default\">\n\t\t\t\t<div class=\"elementor-widget-container\">\n\t\t\t\t\t\t\t\t\t\t\t\t\t\t\t<img fetchpriority=\"high\" decoding=\"async\" width=\"750\" height=\"322\" src=\"https:\/\/chateaubriant-histoire.fr\/wp-content\/uploads\/2023\/03\/2019-12-_2_A_Atelier_Franco-1024x439.jpg\" class=\"attachment-large size-large wp-image-264\" alt=\"\" srcset=\"https:\/\/chateaubriant-histoire.fr\/wp-content\/uploads\/2023\/03\/2019-12-_2_A_Atelier_Franco-1024x439.jpg 1024w, https:\/\/chateaubriant-histoire.fr\/wp-content\/uploads\/2023\/03\/2019-12-_2_A_Atelier_Franco-300x129.jpg 300w, https:\/\/chateaubriant-histoire.fr\/wp-content\/uploads\/2023\/03\/2019-12-_2_A_Atelier_Franco-768x330.jpg 768w, https:\/\/chateaubriant-histoire.fr\/wp-content\/uploads\/2023\/03\/2019-12-_2_A_Atelier_Franco.jpg 1200w\" sizes=\"(max-width: 750px) 100vw, 750px\" style=\"width:100%;height:42.92%;max-width:1200px\" \/>\t\t\t\t\t\t\t\t\t\t\t\t\t\t\t<\/div>\n\t\t\t\t<\/div>\n\t\t\t\t<div class=\"elementor-element elementor-element-2ce02c1 elementor-widget-divider--view-line elementor-widget elementor-widget-divider\" data-id=\"2ce02c1\" data-element_type=\"widget\" data-widget_type=\"divider.default\">\n\t\t\t\t<div class=\"elementor-widget-container\">\n\t\t\t\t\t\t\t<div class=\"elementor-divider\">\n\t\t\t<span class=\"elementor-divider-separator\">\n\t\t\t\t\t\t<\/span>\n\t\t<\/div>\n\t\t\t\t\t\t<\/div>\n\t\t\t\t<\/div>\n\t\t\t\t<\/div>\n\t\t<div class=\"elementor-element elementor-element-5aead68d e-con-full e-flex e-con e-parent\" data-id=\"5aead68d\" data-element_type=\"container\" data-settings=\"{&quot;background_background&quot;:&quot;classic&quot;,&quot;shape_divider_top&quot;:&quot;opacity-fan&quot;}\">\n\t\t\t\t<div class=\"elementor-shape elementor-shape-top\" aria-hidden=\"true\" data-negative=\"false\">\n\t\t\t<svg xmlns=\"http:\/\/www.w3.org\/2000\/svg\" viewBox=\"0 0 283.5 19.6\" preserveAspectRatio=\"none\">\n\t<path class=\"elementor-shape-fill\" style=\"opacity:0.33\" d=\"M0 0L0 18.8 141.8 4.1 283.5 18.8 283.5 0z\"\/>\n\t<path class=\"elementor-shape-fill\" style=\"opacity:0.33\" d=\"M0 0L0 12.6 141.8 4 283.5 12.6 283.5 0z\"\/>\n\t<path class=\"elementor-shape-fill\" style=\"opacity:0.33\" d=\"M0 0L0 6.4 141.8 4 283.5 6.4 283.5 0z\"\/>\n\t<path class=\"elementor-shape-fill\" d=\"M0 0L0 1.2 141.8 4 283.5 1.2 283.5 0z\"\/>\n<\/svg>\t\t<\/div>\n\t\t\t\t<div class=\"elementor-element elementor-element-45ba0d9f elementor-widget elementor-widget-heading\" data-id=\"45ba0d9f\" data-element_type=\"widget\" data-widget_type=\"heading.default\">\n\t\t\t\t<div class=\"elementor-widget-container\">\n\t\t\t\t\t<h2 class=\"elementor-heading-title elementor-size-default\">Ch\u00e2teaubriant : Histoire, Patrimoine et Passion<\/h2>\t\t\t\t<\/div>\n\t\t\t\t<\/div>\n\t\t\t\t<div class=\"elementor-element elementor-element-2341a56 elementor-view-default elementor-widget elementor-widget-icon\" data-id=\"2341a56\" data-element_type=\"widget\" data-widget_type=\"icon.default\">\n\t\t\t\t<div class=\"elementor-widget-container\">\n\t\t\t\t\t\t\t<div class=\"elementor-icon-wrapper\">\n\t\t\t<div class=\"elementor-icon\">\n\t\t\t<svg xmlns=\"http:\/\/www.w3.org\/2000\/svg\" viewBox=\"0 0 20 52\"><path fill-rule=\"evenodd\" clip-rule=\"evenodd\" d=\"M9.5 49.793V0h1v49.793l8.146-8.147.707.708L10 51.707.646 42.354l.708-.708L9.5 49.793Z\"><\/path><\/svg>\t\t\t<\/div>\n\t\t<\/div>\n\t\t\t\t\t\t<\/div>\n\t\t\t\t<\/div>\n\t\t<div class=\"elementor-element elementor-element-935b531 e-con-full e-flex e-con e-child\" data-id=\"935b531\" data-element_type=\"container\">\n\t\t\t\t<div class=\"elementor-element elementor-element-16067981 elementor-position-top elementor-widget elementor-widget-image-box\" data-id=\"16067981\" data-element_type=\"widget\" data-widget_type=\"image-box.default\">\n\t\t\t\t<div class=\"elementor-widget-container\">\n\t\t\t\t\t<div class=\"elementor-image-box-wrapper\"><figure class=\"elementor-image-box-img\"><img decoding=\"async\" width=\"700\" height=\"538\" src=\"https:\/\/chateaubriant-histoire.fr\/wp-content\/uploads\/2023\/03\/2011-09-24-Melleray-couverture.jpg\" class=\"attachment-medium_large size-medium_large wp-image-151\" alt=\"\" style=\"width:100%;height:76.86%;max-width:700px\" srcset=\"https:\/\/chateaubriant-histoire.fr\/wp-content\/uploads\/2023\/03\/2011-09-24-Melleray-couverture.jpg 700w, https:\/\/chateaubriant-histoire.fr\/wp-content\/uploads\/2023\/03\/2011-09-24-Melleray-couverture-300x231.jpg 300w\" sizes=\"(max-width: 700px) 100vw, 700px\" \/><\/figure><div class=\"elementor-image-box-content\"><h3 class=\"elementor-image-box-title\">LIVRES<\/h3><\/div><\/div>\t\t\t\t<\/div>\n\t\t\t\t<\/div>\n\t\t\t\t<div class=\"elementor-element elementor-element-5fa5c191 elementor-position-top elementor-widget elementor-widget-image-box\" data-id=\"5fa5c191\" data-element_type=\"widget\" data-widget_type=\"image-box.default\">\n\t\t\t\t<div class=\"elementor-widget-container\">\n\t\t\t\t\t<div class=\"elementor-image-box-wrapper\"><figure class=\"elementor-image-box-img\"><img decoding=\"async\" width=\"900\" height=\"594\" src=\"https:\/\/chateaubriant-histoire.fr\/wp-content\/uploads\/2023\/03\/2014-12-07-Forge-Neuve-B.jpg\" class=\"attachment-full size-full wp-image-203\" alt=\"\" style=\"width:100%;height:66%;max-width:900px\" srcset=\"https:\/\/chateaubriant-histoire.fr\/wp-content\/uploads\/2023\/03\/2014-12-07-Forge-Neuve-B.jpg 900w, https:\/\/chateaubriant-histoire.fr\/wp-content\/uploads\/2023\/03\/2014-12-07-Forge-Neuve-B-300x198.jpg 300w, https:\/\/chateaubriant-histoire.fr\/wp-content\/uploads\/2023\/03\/2014-12-07-Forge-Neuve-B-768x507.jpg 768w\" sizes=\"(max-width: 900px) 100vw, 900px\" \/><\/figure><div class=\"elementor-image-box-content\"><h3 class=\"elementor-image-box-title\">CONFERENCES<\/h3><\/div><\/div>\t\t\t\t<\/div>\n\t\t\t\t<\/div>\n\t\t\t\t<div class=\"elementor-element elementor-element-469bb824 elementor-position-top elementor-widget elementor-widget-image-box\" data-id=\"469bb824\" data-element_type=\"widget\" data-widget_type=\"image-box.default\">\n\t\t\t\t<div class=\"elementor-widget-container\">\n\t\t\t\t\t<div class=\"elementor-image-box-wrapper\"><figure class=\"elementor-image-box-img\"><img loading=\"lazy\" decoding=\"async\" width=\"1000\" height=\"563\" src=\"https:\/\/chateaubriant-histoire.fr\/wp-content\/uploads\/2023\/03\/2019-12-_2_G_parlement.jpg\" class=\"attachment-full size-full wp-image-270\" alt=\"\" style=\"width:100%;height:56.3%;max-width:1000px\" srcset=\"https:\/\/chateaubriant-histoire.fr\/wp-content\/uploads\/2023\/03\/2019-12-_2_G_parlement.jpg 1000w, https:\/\/chateaubriant-histoire.fr\/wp-content\/uploads\/2023\/03\/2019-12-_2_G_parlement-300x169.jpg 300w, https:\/\/chateaubriant-histoire.fr\/wp-content\/uploads\/2023\/03\/2019-12-_2_G_parlement-768x432.jpg 768w\" sizes=\"(max-width: 1000px) 100vw, 1000px\" \/><\/figure><div class=\"elementor-image-box-content\"><h3 class=\"elementor-image-box-title\">VISITES<\/h3><\/div><\/div>\t\t\t\t<\/div>\n\t\t\t\t<\/div>\n\t\t\t\t<\/div>\n\t\t\t\t<\/div>\n\t\t<div class=\"elementor-element elementor-element-014556d e-con-full e-flex e-con e-parent\" data-id=\"014556d\" data-element_type=\"container\" data-settings=\"{&quot;background_background&quot;:&quot;classic&quot;}\">\n\t\t\t\t<div class=\"elementor-element elementor-element-55d6a3c elementor-widget-divider--view-line elementor-widget elementor-widget-divider\" data-id=\"55d6a3c\" data-element_type=\"widget\" data-widget_type=\"divider.default\">\n\t\t\t\t<div class=\"elementor-widget-container\">\n\t\t\t\t\t\t\t<div class=\"elementor-divider\">\n\t\t\t<span class=\"elementor-divider-separator\">\n\t\t\t\t\t\t<\/span>\n\t\t<\/div>\n\t\t\t\t\t\t<\/div>\n\t\t\t\t<\/div>\n\t\t\t\t<\/div>\n\t\t<div class=\"elementor-element elementor-element-12cce338 e-con-full e-flex e-con e-parent\" data-id=\"12cce338\" data-element_type=\"container\" data-settings=\"{&quot;background_background&quot;:&quot;classic&quot;}\">\n\t\t<div class=\"elementor-element elementor-element-4c6d6457 e-con-full e-flex e-con e-child\" data-id=\"4c6d6457\" data-element_type=\"container\">\n\t\t\t\t<div class=\"elementor-element elementor-element-72e62d0a elementor-widget elementor-widget-heading\" data-id=\"72e62d0a\" data-element_type=\"widget\" data-widget_type=\"heading.default\">\n\t\t\t\t<div class=\"elementor-widget-container\">\n\t\t\t\t\t<h2 class=\"elementor-heading-title elementor-size-default\">\u00c0 propos :<\/h2>\t\t\t\t<\/div>\n\t\t\t\t<\/div>\n\t\t\t\t<div class=\"elementor-element elementor-element-39605909 elementor-widget elementor-widget-text-editor\" data-id=\"39605909\" data-element_type=\"widget\" data-widget_type=\"text-editor.default\">\n\t\t\t\t<div class=\"elementor-widget-container\">\n\t\t\t\t\t\t\t\t\t<p>La soci\u00e9t\u00e9 historique Hippac, Histoire et Patrimoine du Pays de Ch\u00e2teaubriant, situ\u00e9e \u00e0 Ch\u00e2teaubriant, se consacre \u00e0 la pr\u00e9servation et \u00e0 la promotion de l&rsquo;histoire et du patrimoine local. Pour ce faire, elle \u00e9dite un large \u00e9ventail d&rsquo;ouvrages qui abordent divers sujets, tels que les moulins, les anciens chemins de fer, les contes, la m\u00e9t\u00e9o, l&rsquo;architecture traditionnelle et bien d&rsquo;autres aspects de la culture et de l&rsquo;histoire locales.<\/p>\t\t\t\t\t\t\t\t<\/div>\n\t\t\t\t<\/div>\n\t\t\t\t<div class=\"elementor-element elementor-element-7adea791 elementor-align-left elementor-widget elementor-widget-button\" data-id=\"7adea791\" data-element_type=\"widget\" data-widget_type=\"button.default\">\n\t\t\t\t<div class=\"elementor-widget-container\">\n\t\t\t\t\t\t\t\t\t<div class=\"elementor-button-wrapper\">\n\t\t\t\t\t<a class=\"elementor-button elementor-button-link elementor-size-sm elementor-animation-shrink\" href=\"https:\/\/chateaubriant-histoire.fr\/index.php\/livres\/\">\n\t\t\t\t\t\t<span class=\"elementor-button-content-wrapper\">\n\t\t\t\t\t\t\t\t\t<span class=\"elementor-button-text\">Voir les livres<\/span>\n\t\t\t\t\t<\/span>\n\t\t\t\t\t<\/a>\n\t\t\t\t<\/div>\n\t\t\t\t\t\t\t\t<\/div>\n\t\t\t\t<\/div>\n\t\t\t\t<div class=\"elementor-element elementor-element-a91ec57 elementor-widget elementor-widget-spacer\" data-id=\"a91ec57\" data-element_type=\"widget\" data-widget_type=\"spacer.default\">\n\t\t\t\t<div class=\"elementor-widget-container\">\n\t\t\t\t\t\t\t<div class=\"elementor-spacer\">\n\t\t\t<div class=\"elementor-spacer-inner\"><\/div>\n\t\t<\/div>\n\t\t\t\t\t\t<\/div>\n\t\t\t\t<\/div>\n\t\t\t\t<div class=\"elementor-element elementor-element-35179f4 elementor-widget elementor-widget-text-editor\" data-id=\"35179f4\" data-element_type=\"widget\" data-widget_type=\"text-editor.default\">\n\t\t\t\t<div class=\"elementor-widget-container\">\n\t\t\t\t\t\t\t\t\t<p>Engag\u00e9e dans la diffusion du savoir historique, l&rsquo;Hippac organise \u00e9galement diverses activit\u00e9s culturelles tout au long de l&rsquo;ann\u00e9e. Ces \u00e9v\u00e9nements incluent des expositions, des conf\u00e9rences et des visites guid\u00e9es, qui sont autant d&rsquo;occasions pour les habitants et les visiteurs de d\u00e9couvrir et d&rsquo;appr\u00e9cier le riche patrimoine de Ch\u00e2teaubriant de sa r\u00e9gion.<\/p>\t\t\t\t\t\t\t\t<\/div>\n\t\t\t\t<\/div>\n\t\t\t\t<div class=\"elementor-element elementor-element-56fa068 elementor-widget elementor-widget-button\" data-id=\"56fa068\" data-element_type=\"widget\" data-widget_type=\"button.default\">\n\t\t\t\t<div class=\"elementor-widget-container\">\n\t\t\t\t\t\t\t\t\t<div class=\"elementor-button-wrapper\">\n\t\t\t\t\t<a class=\"elementor-button elementor-button-link elementor-size-sm elementor-animation-shrink\" href=\"https:\/\/chateaubriant-histoire.fr\/index.php\/actualites\/\">\n\t\t\t\t\t\t<span class=\"elementor-button-content-wrapper\">\n\t\t\t\t\t\t\t\t\t<span class=\"elementor-button-text\">Voir les actualit\u00e9s<\/span>\n\t\t\t\t\t<\/span>\n\t\t\t\t\t<\/a>\n\t\t\t\t<\/div>\n\t\t\t\t\t\t\t\t<\/div>\n\t\t\t\t<\/div>\n\t\t\t\t<\/div>\n\t\t<div class=\"elementor-element elementor-element-620dd6f e-con-full e-flex e-con e-child\" data-id=\"620dd6f\" data-element_type=\"container\">\n\t\t\t\t<div class=\"elementor-element elementor-element-a0f4b8c elementor-widget elementor-widget-spacer\" data-id=\"a0f4b8c\" data-element_type=\"widget\" data-widget_type=\"spacer.default\">\n\t\t\t\t<div class=\"elementor-widget-container\">\n\t\t\t\t\t\t\t<div class=\"elementor-spacer\">\n\t\t\t<div class=\"elementor-spacer-inner\"><\/div>\n\t\t<\/div>\n\t\t\t\t\t\t<\/div>\n\t\t\t\t<\/div>\n\t\t\t\t<div class=\"elementor-element elementor-element-36c359e9 elementor-widget elementor-widget-image\" data-id=\"36c359e9\" data-element_type=\"widget\" data-widget_type=\"image.default\">\n\t\t\t\t<div class=\"elementor-widget-container\">\n\t\t\t\t\t\t\t\t\t\t\t\t\t\t\t<img decoding=\"async\" src=\"https:\/\/chateaubriant-histoire.fr\/wp-content\/uploads\/elementor\/thumbs\/Couverture_avant-q46m64wg49qfca8yahnpasbdp4lhndeo0bcbc1j0v6.jpg\" title=\"Couverture_avant\" alt=\"Couverture_avant\" loading=\"lazy\" \/>\t\t\t\t\t\t\t\t\t\t\t\t\t\t\t<\/div>\n\t\t\t\t<\/div>\n\t\t\t\t<\/div>\n\t\t\t\t<\/div>\n\t\t<div class=\"elementor-element elementor-element-a6d992b e-con-full e-flex e-con e-parent\" data-id=\"a6d992b\" data-element_type=\"container\" data-settings=\"{&quot;background_background&quot;:&quot;classic&quot;}\">\n\t\t<div class=\"elementor-element elementor-element-13fab14 e-con-full e-flex e-con e-child\" data-id=\"13fab14\" data-element_type=\"container\">\n\t\t\t\t<div class=\"elementor-element elementor-element-2cc0a6e elementor-widget elementor-widget-image\" data-id=\"2cc0a6e\" data-element_type=\"widget\" data-widget_type=\"image.default\">\n\t\t\t\t<div class=\"elementor-widget-container\">\n\t\t\t\t\t\t\t\t\t\t\t\t\t\t\t<img decoding=\"async\" src=\"https:\/\/chateaubriant-histoire.fr\/wp-content\/uploads\/elementor\/thumbs\/2015-09-26Pouance1-scaled-q46m2ffd5snpjnmtxvyogpzxcevdacos5ypd6r0vca.jpg\" title=\"2015-09-26Pouance1\" alt=\"2015-09-26Pouance1\" loading=\"lazy\" \/>\t\t\t\t\t\t\t\t\t\t\t\t\t\t\t<\/div>\n\t\t\t\t<\/div>\n\t\t\t\t<\/div>\n\t\t<div class=\"elementor-element elementor-element-1540082 e-con-full e-flex e-con e-child\" data-id=\"1540082\" data-element_type=\"container\">\n\t\t\t\t<div class=\"elementor-element elementor-element-67687f2 elementor-widget elementor-widget-text-editor\" data-id=\"67687f2\" data-element_type=\"widget\" data-widget_type=\"text-editor.default\">\n\t\t\t\t<div class=\"elementor-widget-container\">\n\t\t\t\t\t\t\t\t\t<p>Gr\u00e2ce \u00e0 l\u2019engagement de ses membres et de son pr\u00e9sident, historien et auteur de nombreux ouvrages, l\u2019Hippac \u0153uvre dans le domaine de la conservation et de la promotion du patrimoine historique. Elle tisse des liens avec d\u2019autres associations patrimoniales.<\/p>\t\t\t\t\t\t\t\t<\/div>\n\t\t\t\t<\/div>\n\t\t\t\t<\/div>\n\t\t\t\t<\/div>\n\t\t<div class=\"elementor-element elementor-element-2a4e62b e-flex e-con-boxed e-con e-parent\" data-id=\"2a4e62b\" data-element_type=\"container\" data-settings=\"{&quot;background_background&quot;:&quot;classic&quot;,&quot;shape_divider_bottom&quot;:&quot;opacity-fan&quot;}\">\n\t\t\t\t\t<div class=\"e-con-inner\">\n\t\t\t\t<div class=\"elementor-shape elementor-shape-bottom\" aria-hidden=\"true\" data-negative=\"false\">\n\t\t\t<svg xmlns=\"http:\/\/www.w3.org\/2000\/svg\" viewBox=\"0 0 283.5 19.6\" preserveAspectRatio=\"none\">\n\t<path class=\"elementor-shape-fill\" style=\"opacity:0.33\" d=\"M0 0L0 18.8 141.8 4.1 283.5 18.8 283.5 0z\"\/>\n\t<path class=\"elementor-shape-fill\" style=\"opacity:0.33\" d=\"M0 0L0 12.6 141.8 4 283.5 12.6 283.5 0z\"\/>\n\t<path class=\"elementor-shape-fill\" style=\"opacity:0.33\" d=\"M0 0L0 6.4 141.8 4 283.5 6.4 283.5 0z\"\/>\n\t<path class=\"elementor-shape-fill\" d=\"M0 0L0 1.2 141.8 4 283.5 1.2 283.5 0z\"\/>\n<\/svg>\t\t<\/div>\n\t\t<div class=\"elementor-element elementor-element-18f1ffa e-con-full e-flex e-con e-child\" data-id=\"18f1ffa\" data-element_type=\"container\">\n\t\t\t\t<div class=\"elementor-element elementor-element-8bfab2a elementor-widget__width-initial elementor-widget elementor-widget-text-editor\" data-id=\"8bfab2a\" data-element_type=\"widget\" data-widget_type=\"text-editor.default\">\n\t\t\t\t<div class=\"elementor-widget-container\">\n\t\t\t\t\t\t\t\t\t<p>\u25cf\u00a0La soci\u00e9t\u00e9 historique actuelle est issue de l\u2019\u00a0\u00ab\u00a0Association des Amis de l\u2019Histoire\u00a0\u00bb cr\u00e9\u00e9e en avril 1998. En 2001-2002, cette association s\u2019est renouvel\u00e9e profond\u00e9ment. Elle a chang\u00e9 de d\u00e9nomination, en accord avec ses activit\u00e9s recentr\u00e9es sur l\u2019histoire et le patrimoine du Pays de Ch\u00e2teaubriant. Le 17 janvier 2006, l\u2019HIPPAC devient une soci\u00e9t\u00e9 historique.<\/p><p>\u25cf\u00a0L\u2019article 2 des statuts d\u00e9finit le but : \u00ab\u00a0susciter et d\u00e9velopper l\u2019int\u00e9r\u00eat pour l\u2019histoire du Pays de Ch\u00e2teaubriant, par l\u2019organisation de d\u00e9bats, de conf\u00e9rences, d\u2019expositions et par diverses publications dont une \u00e0 parution r\u00e9guli\u00e8re\u00a0\u00bb.\u00a0<\/p><p>\u25cf\u00a0L\u2019HIPPAC est une association r\u00e9gie par la loi de 1901. Pr\u00e9sident\u00a0: Christian Bouvet. Si\u00e8ge social\u00a0: 12, rue Parmentier, 44110 Ch\u00e2teaubriant.<\/p><p>\u25cf\u00a0La Soci\u00e9t\u00e9 inscrit aujourd\u2019hui dans ses activit\u00e9s : un ouvrage annuel qui remplace depuis 2011 une revue annuelle\u00a0; des ouvrages sur l\u2019histoire et le patrimoine\u00a0; des expositions\u00a0; des conf\u00e9rences et des sorties culturelles.<\/p><p>.<\/p>\t\t\t\t\t\t\t\t<\/div>\n\t\t\t\t<\/div>\n\t\t\t\t<div class=\"elementor-element elementor-element-d140b01 elementor-widget elementor-widget-counter\" data-id=\"d140b01\" data-element_type=\"widget\" data-widget_type=\"counter.default\">\n\t\t\t\t<div class=\"elementor-widget-container\">\n\t\t\t\t\t\t\t<div class=\"elementor-counter\">\n\t\t\t<div class=\"elementor-counter-title\">Membres<\/div>\t\t\t<div class=\"elementor-counter-number-wrapper\">\n\t\t\t\t<span class=\"elementor-counter-number-prefix\"><\/span>\n\t\t\t\t<span class=\"elementor-counter-number\" data-duration=\"4000\" data-to-value=\"96\" data-from-value=\"0\" data-delimiter=\",\">0<\/span>\n\t\t\t\t<span class=\"elementor-counter-number-suffix\"><\/span>\n\t\t\t<\/div>\n\t\t<\/div>\n\t\t\t\t\t\t<\/div>\n\t\t\t\t<\/div>\n\t\t\t\t<\/div>\n\t\t\t\t\t<\/div>\n\t\t\t\t<\/div>\n\t\t<div class=\"elementor-element elementor-element-de71039 e-con-full e-flex e-con e-parent\" data-id=\"de71039\" data-element_type=\"container\" data-settings=\"{&quot;background_background&quot;:&quot;classic&quot;}\">\n\t\t\t\t<div class=\"elementor-element elementor-element-0a3511f elementor-widget-divider--view-line elementor-widget elementor-widget-divider\" data-id=\"0a3511f\" data-element_type=\"widget\" data-widget_type=\"divider.default\">\n\t\t\t\t<div class=\"elementor-widget-container\">\n\t\t\t\t\t\t\t<div class=\"elementor-divider\">\n\t\t\t<span class=\"elementor-divider-separator\">\n\t\t\t\t\t\t<\/span>\n\t\t<\/div>\n\t\t\t\t\t\t<\/div>\n\t\t\t\t<\/div>\n\t\t\t\t<\/div>\n\t\t<div class=\"elementor-element elementor-element-156e1ae9 e-con-full e-flex e-con e-parent\" data-id=\"156e1ae9\" data-element_type=\"container\" data-settings=\"{&quot;background_background&quot;:&quot;classic&quot;}\">\n\t\t<div class=\"elementor-element elementor-element-6830e1df e-con-full e-flex elementor-invisible e-con e-child\" data-id=\"6830e1df\" data-element_type=\"container\" data-settings=\"{&quot;animation&quot;:&quot;slideInLeft&quot;,&quot;animation_delay&quot;:800}\">\n\t\t\t\t<div class=\"elementor-element elementor-element-1919f77d elementor-widget elementor-widget-image\" data-id=\"1919f77d\" data-element_type=\"widget\" data-widget_type=\"image.default\">\n\t\t\t\t<div class=\"elementor-widget-container\">\n\t\t\t\t\t\t\t\t\t\t\t\t\t\t\t\t<a href=\"http:\/\/chateaubriant-histoire.ovh\/wp-content\/uploads\/2023\/05\/carte-touristique.png\" data-elementor-open-lightbox=\"yes\" data-elementor-lightbox-title=\"carte touristique\" data-e-action-hash=\"#elementor-action%3Aaction%3Dlightbox%26settings%3DeyJpZCI6MTE5NywidXJsIjoiaHR0cHM6XC9cL2NoYXRlYXVicmlhbnQtaGlzdG9pcmUuZnJcL3dwLWNvbnRlbnRcL3VwbG9hZHNcLzIwMjNcLzA1XC9jYXJ0ZS10b3VyaXN0aXF1ZS5wbmcifQ%3D%3D\">\n\t\t\t\t\t\t\t<img loading=\"lazy\" decoding=\"async\" width=\"750\" height=\"527\" src=\"https:\/\/chateaubriant-histoire.fr\/wp-content\/uploads\/2023\/05\/carte-touristique-1024x719.png\" class=\"attachment-large size-large wp-image-1197\" alt=\"\" srcset=\"https:\/\/chateaubriant-histoire.fr\/wp-content\/uploads\/2023\/05\/carte-touristique-1024x719.png 1024w, https:\/\/chateaubriant-histoire.fr\/wp-content\/uploads\/2023\/05\/carte-touristique-300x211.png 300w, https:\/\/chateaubriant-histoire.fr\/wp-content\/uploads\/2023\/05\/carte-touristique-768x539.png 768w, https:\/\/chateaubriant-histoire.fr\/wp-content\/uploads\/2023\/05\/carte-touristique.png 1149w\" sizes=\"(max-width: 750px) 100vw, 750px\" style=\"width:100%;height:70.23%;max-width:1149px\" \/>\t\t\t\t\t\t\t\t<\/a>\n\t\t\t\t\t\t\t\t\t\t\t\t\t\t\t<\/div>\n\t\t\t\t<\/div>\n\t\t\t\t<\/div>\n\t\t<div class=\"elementor-element elementor-element-516a5784 e-con-full e-flex elementor-invisible e-con e-child\" data-id=\"516a5784\" data-element_type=\"container\" data-settings=\"{&quot;animation&quot;:&quot;slideInRight&quot;,&quot;animation_delay&quot;:600}\">\n\t\t\t\t<div class=\"elementor-element elementor-element-7897918d elementor-widget elementor-widget-heading\" data-id=\"7897918d\" data-element_type=\"widget\" data-widget_type=\"heading.default\">\n\t\t\t\t<div class=\"elementor-widget-container\">\n\t\t\t\t\t<h4 class=\"elementor-heading-title elementor-size-default\">D\u00e9couvrez le Patrimoine du pays de chateaubriant : <br><br><br><br><br>Carte de l\u2019Office de tourisme de\nCh\u00e2teaubriant-Derval<\/h4>\t\t\t\t<\/div>\n\t\t\t\t<\/div>\n\t\t\t\t<\/div>\n\t\t\t\t<\/div>\n\t\t\t\t<\/div>\n\t\t","protected":false},"excerpt":{"rendered":"<p>HIPPAC Histoire et Patrimoine du Pays de Ch\u00e2teaubriant Ch\u00e2teaubriant : Histoire, Patrimoine et Passion LIVRES CONFERENCES VISITES \u00c0 propos : La soci\u00e9t\u00e9 historique Hippac, Histoire et Patrimoine du Pays de Ch\u00e2teaubriant, situ\u00e9e \u00e0 Ch\u00e2teaubriant, se consacre \u00e0 la pr\u00e9servation et \u00e0 la promotion de l&rsquo;histoire et du patrimoine local. Pour ce faire, elle \u00e9dite un&hellip; <a class=\"more-link\" href=\"https:\/\/chateaubriant-histoire.fr\/index.php\/about\/\">Poursuivre la lecture <span class=\"screen-reader-text\">About<\/span><\/a><\/p>\n","protected":false},"author":1,"featured_media":0,"parent":0,"menu_order":0,"comment_status":"closed","ping_status":"closed","template":"elementor_header_footer","meta":{"footnotes":""},"class_list":["post-41","page","type-page","status-publish","hentry","entry"],"_links":{"self":[{"href":"https:\/\/chateaubriant-histoire.fr\/index.php\/wp-json\/wp\/v2\/pages\/41","targetHints":{"allow":["GET"]}}],"collection":[{"href":"https:\/\/chateaubriant-histoire.fr\/index.php\/wp-json\/wp\/v2\/pages"}],"about":[{"href":"https:\/\/chateaubriant-histoire.fr\/index.php\/wp-json\/wp\/v2\/types\/page"}],"author":[{"embeddable":true,"href":"https:\/\/chateaubriant-histoire.fr\/index.php\/wp-json\/wp\/v2\/users\/1"}],"replies":[{"embeddable":true,"href":"https:\/\/chateaubriant-histoire.fr\/index.php\/wp-json\/wp\/v2\/comments?post=41"}],"version-history":[{"count":87,"href":"https:\/\/chateaubriant-histoire.fr\/index.php\/wp-json\/wp\/v2\/pages\/41\/revisions"}],"predecessor-version":[{"id":1242,"href":"https:\/\/chateaubriant-histoire.fr\/index.php\/wp-json\/wp\/v2\/pages\/41\/revisions\/1242"}],"wp:attachment":[{"href":"https:\/\/chateaubriant-histoire.fr\/index.php\/wp-json\/wp\/v2\/media?parent=41"}],"curies":[{"name":"wp","href":"https:\/\/api.w.org\/{rel}","templated":true}]}}