{"id":769,"date":"2023-03-29T17:58:43","date_gmt":"2023-03-29T15:58:43","guid":{"rendered":"http:\/\/chateaubriant-histoire.ovh\/?page_id=769"},"modified":"2023-06-10T07:30:35","modified_gmt":"2023-06-10T05:30:35","slug":"actualites","status":"publish","type":"page","link":"https:\/\/chateaubriant-histoire.fr\/index.php\/actualites\/","title":{"rendered":"Actualit\u00e9s"},"content":{"rendered":"\t\t<div data-elementor-type=\"wp-page\" data-elementor-id=\"769\" class=\"elementor elementor-769\" data-elementor-post-type=\"page\">\n\t\t\t\t<div class=\"elementor-element elementor-element-1ce17eed e-flex e-con-boxed e-con e-parent\" data-id=\"1ce17eed\" data-element_type=\"container\" data-settings=\"{&quot;background_background&quot;:&quot;classic&quot;,&quot;shape_divider_bottom&quot;:&quot;opacity-fan&quot;}\">\n\t\t\t\t\t<div class=\"e-con-inner\">\n\t\t\t\t<div class=\"elementor-shape elementor-shape-bottom\" aria-hidden=\"true\" data-negative=\"false\">\n\t\t\t<svg xmlns=\"http:\/\/www.w3.org\/2000\/svg\" viewBox=\"0 0 283.5 19.6\" preserveAspectRatio=\"none\">\n\t<path class=\"elementor-shape-fill\" style=\"opacity:0.33\" d=\"M0 0L0 18.8 141.8 4.1 283.5 18.8 283.5 0z\"\/>\n\t<path class=\"elementor-shape-fill\" style=\"opacity:0.33\" d=\"M0 0L0 12.6 141.8 4 283.5 12.6 283.5 0z\"\/>\n\t<path class=\"elementor-shape-fill\" style=\"opacity:0.33\" d=\"M0 0L0 6.4 141.8 4 283.5 6.4 283.5 0z\"\/>\n\t<path class=\"elementor-shape-fill\" d=\"M0 0L0 1.2 141.8 4 283.5 1.2 283.5 0z\"\/>\n<\/svg>\t\t<\/div>\n\t\t\t\t<div class=\"elementor-element elementor-element-4341aed0 elementor-widget elementor-widget-spacer\" data-id=\"4341aed0\" data-element_type=\"widget\" data-widget_type=\"spacer.default\">\n\t\t\t\t<div class=\"elementor-widget-container\">\n\t\t\t\t\t\t\t<div class=\"elementor-spacer\">\n\t\t\t<div class=\"elementor-spacer-inner\"><\/div>\n\t\t<\/div>\n\t\t\t\t\t\t<\/div>\n\t\t\t\t<\/div>\n\t\t\t\t<div class=\"elementor-element elementor-element-42946ae0 elementor-widget elementor-widget-theme-post-title elementor-page-title elementor-widget-heading\" data-id=\"42946ae0\" data-element_type=\"widget\" data-widget_type=\"theme-post-title.default\">\n\t\t\t\t<div class=\"elementor-widget-container\">\n\t\t\t\t\t<h1 class=\"elementor-heading-title elementor-size-default\">Actualit\u00e9s<\/h1>\t\t\t\t<\/div>\n\t\t\t\t<\/div>\n\t\t\t\t<div class=\"elementor-element elementor-element-4adb413e elementor-widget elementor-widget-spacer\" data-id=\"4adb413e\" data-element_type=\"widget\" data-widget_type=\"spacer.default\">\n\t\t\t\t<div class=\"elementor-widget-container\">\n\t\t\t\t\t\t\t<div class=\"elementor-spacer\">\n\t\t\t<div class=\"elementor-spacer-inner\"><\/div>\n\t\t<\/div>\n\t\t\t\t\t\t<\/div>\n\t\t\t\t<\/div>\n\t\t\t\t\t<\/div>\n\t\t\t\t<\/div>\n\t\t<div class=\"elementor-element elementor-element-4348417 e-flex e-con-boxed e-con e-parent\" data-id=\"4348417\" data-element_type=\"container\" data-settings=\"{&quot;background_background&quot;:&quot;classic&quot;}\">\n\t\t\t\t\t<div class=\"e-con-inner\">\n\t\t\t\t<div class=\"elementor-element elementor-element-a457828 elementor-widget elementor-widget-spacer\" data-id=\"a457828\" data-element_type=\"widget\" data-widget_type=\"spacer.default\">\n\t\t\t\t<div class=\"elementor-widget-container\">\n\t\t\t\t\t\t\t<div class=\"elementor-spacer\">\n\t\t\t<div class=\"elementor-spacer-inner\"><\/div>\n\t\t<\/div>\n\t\t\t\t\t\t<\/div>\n\t\t\t\t<\/div>\n\t\t\t\t<div class=\"elementor-element elementor-element-1684454 elementor-grid-3 elementor-grid-tablet-2 elementor-grid-mobile-1 elementor-posts--thumbnail-top elementor-card-shadow-yes elementor-posts__hover-gradient elementor-widget elementor-widget-posts\" data-id=\"1684454\" data-element_type=\"widget\" data-settings=\"{&quot;cards_masonry&quot;:&quot;yes&quot;,&quot;pagination_type&quot;:&quot;load_more_infinite_scroll&quot;,&quot;cards_columns&quot;:&quot;3&quot;,&quot;cards_columns_tablet&quot;:&quot;2&quot;,&quot;cards_columns_mobile&quot;:&quot;1&quot;,&quot;cards_row_gap&quot;:{&quot;unit&quot;:&quot;px&quot;,&quot;size&quot;:35,&quot;sizes&quot;:[]},&quot;cards_row_gap_tablet&quot;:{&quot;unit&quot;:&quot;px&quot;,&quot;size&quot;:&quot;&quot;,&quot;sizes&quot;:[]},&quot;cards_row_gap_mobile&quot;:{&quot;unit&quot;:&quot;px&quot;,&quot;size&quot;:&quot;&quot;,&quot;sizes&quot;:[]},&quot;load_more_spinner&quot;:{&quot;value&quot;:&quot;fas fa-spinner&quot;,&quot;library&quot;:&quot;fa-solid&quot;}}\" data-widget_type=\"posts.cards\">\n\t\t\t\t<div class=\"elementor-widget-container\">\n\t\t\t\t\t\t\t<div class=\"elementor-posts-container elementor-posts elementor-posts--skin-cards elementor-grid\" role=\"list\">\n\t\t\t\t<article class=\"elementor-post elementor-grid-item post-1720 post type-post status-publish format-standard hentry category-actualites entry\" role=\"listitem\">\n\t\t\t<div class=\"elementor-post__card\">\n\t\t\t\t<div class=\"elementor-post__text\">\n\t\t\t\t<h3 class=\"elementor-post__title\">\n\t\t\t<a href=\"https:\/\/chateaubriant-histoire.fr\/index.php\/2024\/05\/09\/quelques-documents-sur-la-liberation\/\" >\n\t\t\t\tQuelques documents sur la lib\u00e9ration\t\t\t<\/a>\n\t\t<\/h3>\n\t\t\t\t<div class=\"elementor-post__excerpt\">\n\t\t\t<p>La Lib\u00e9ration, c&rsquo;est dire \u00ab\u00a0merci\u00a0\u00bb aux Etats-Unis&#8230; &#8212;&#8212;&#8212;- Pour mieux se comprendre&#8230; &#8212;&#8212;&#8212;- Combien d&rsquo;\u00e9tats composent les Etats-Unis en 1944 ? &#8212;&#8212;&#8212;- George Patton<\/p>\n\t\t<\/div>\n\t\t\n\t\t<a class=\"elementor-post__read-more\" href=\"https:\/\/chateaubriant-histoire.fr\/index.php\/2024\/05\/09\/quelques-documents-sur-la-liberation\/\" aria-label=\"En savoir plus sur Quelques documents sur la lib\u00e9ration\" tabindex=\"-1\" >\n\t\t\tLire l'article \u00bb\t\t<\/a>\n\n\t\t\t\t<\/div>\n\t\t\t\t<div class=\"elementor-post__meta-data\">\n\t\t\t\t\t<span class=\"elementor-post-date\">\n\t\t\t9 mai 2024\t\t<\/span>\n\t\t\t\t<\/div>\n\t\t\t\t\t<\/div>\n\t\t<\/article>\n\t\t\t\t<article class=\"elementor-post elementor-grid-item post-1643 post type-post status-publish format-standard has-post-thumbnail hentry category-actualites entry\" role=\"listitem\">\n\t\t\t<div class=\"elementor-post__card\">\n\t\t\t\t<a class=\"elementor-post__thumbnail__link\" href=\"https:\/\/chateaubriant-histoire.fr\/index.php\/2024\/04\/30\/la-liberation-de-nozay-en-aout-1944\/\" tabindex=\"-1\" ><div class=\"elementor-post__thumbnail\"><img fetchpriority=\"high\" decoding=\"async\" width=\"480\" height=\"679\" src=\"https:\/\/chateaubriant-histoire.fr\/wp-content\/uploads\/2024\/05\/Maquette-Affiche_LIB44_V02-Petit.jpg\" class=\"attachment-medium_large size-medium_large wp-image-1645\" alt=\"\" srcset=\"https:\/\/chateaubriant-histoire.fr\/wp-content\/uploads\/2024\/05\/Maquette-Affiche_LIB44_V02-Petit.jpg 480w, https:\/\/chateaubriant-histoire.fr\/wp-content\/uploads\/2024\/05\/Maquette-Affiche_LIB44_V02-Petit-212x300.jpg 212w\" sizes=\"(max-width: 480px) 100vw, 480px\" style=\"width:100%;height:141.46%;max-width:480px;\" \/><\/div><\/a>\n\t\t\t\t<div class=\"elementor-post__text\">\n\t\t\t\t<h3 class=\"elementor-post__title\">\n\t\t\t<a href=\"https:\/\/chateaubriant-histoire.fr\/index.php\/2024\/04\/30\/la-liberation-de-nozay-en-aout-1944\/\" >\n\t\t\t\tLa Lib\u00e9ration de Nozay en ao\u00fbt 1944\t\t\t<\/a>\n\t\t<\/h3>\n\t\t\t\t<div class=\"elementor-post__excerpt\">\n\t\t\t<p>Cette exposition a lieu au rez-de-chauss\u00e9e de la mairie de Nozay du 1er au 8 mai 2024. Elle est r\u00e9alis\u00e9e par des historiens de Nozay qui ont notamment particip\u00e9 l\u2019an dernier \u00e0 l\u2019exposition sur la pierre bleue, notamment Jean-Pierre Doucet, Fran\u00e7ois Aubr\u00e9e et Jeannette Bourdaud. Quelques mots de pr\u00e9sentation de l\u2019exposition par Jean-Pierre Doucet&nbsp;: les historiens noz\u00e9ens ont d\u00e9pos\u00e9 un dossier de demande de labellisation aupr\u00e8s de l\u2019Office National des Combattants et des Victimes de Guerre (ONACVG) de Nantes. Le pr\u00e9fet a remerci\u00e9 les auteurs pour leur \u00ab&nbsp;engagement dans cette d\u00e9marche comm\u00e9morative, importante pour la transmission de la m\u00e9moire aux jeunes g\u00e9n\u00e9rations dans la fid\u00e9lit\u00e9 aux id\u00e9aux de la R\u00e9publique \u00bb. Un label a \u00e9t\u00e9 accord\u00e9 \u00e0 ce projet et<\/p>\n\t\t<\/div>\n\t\t\n\t\t<a class=\"elementor-post__read-more\" href=\"https:\/\/chateaubriant-histoire.fr\/index.php\/2024\/04\/30\/la-liberation-de-nozay-en-aout-1944\/\" aria-label=\"En savoir plus sur La Lib\u00e9ration de Nozay en ao\u00fbt 1944\" tabindex=\"-1\" >\n\t\t\tLire l'article \u00bb\t\t<\/a>\n\n\t\t\t\t<\/div>\n\t\t\t\t<div class=\"elementor-post__meta-data\">\n\t\t\t\t\t<span class=\"elementor-post-date\">\n\t\t\t30 avril 2024\t\t<\/span>\n\t\t\t\t<\/div>\n\t\t\t\t\t<\/div>\n\t\t<\/article>\n\t\t\t\t<article class=\"elementor-post elementor-grid-item post-1717 post type-post status-publish format-standard hentry category-actualites entry\" role=\"listitem\">\n\t\t\t<div class=\"elementor-post__card\">\n\t\t\t\t<div class=\"elementor-post__text\">\n\t\t\t\t<h3 class=\"elementor-post__title\">\n\t\t\t<a href=\"https:\/\/chateaubriant-histoire.fr\/index.php\/2024\/04\/30\/7-aout-1944\/\" >\n\t\t\t\t7 ao\u00fbt 1944\t\t\t<\/a>\n\t\t<\/h3>\n\t\t\t\t<div class=\"elementor-post__excerpt\">\n\t\t\t<p>Le \u00ab\u00a0jour le plus long\u00a0\u00bb de Nozay Panneau de l\u2019exposition de Nozay<\/p>\n\t\t<\/div>\n\t\t\n\t\t<a class=\"elementor-post__read-more\" href=\"https:\/\/chateaubriant-histoire.fr\/index.php\/2024\/04\/30\/7-aout-1944\/\" aria-label=\"En savoir plus sur 7 ao\u00fbt 1944\" tabindex=\"-1\" >\n\t\t\tLire l'article \u00bb\t\t<\/a>\n\n\t\t\t\t<\/div>\n\t\t\t\t<div class=\"elementor-post__meta-data\">\n\t\t\t\t\t<span class=\"elementor-post-date\">\n\t\t\t30 avril 2024\t\t<\/span>\n\t\t\t\t<\/div>\n\t\t\t\t\t<\/div>\n\t\t<\/article>\n\t\t\t\t<article class=\"elementor-post elementor-grid-item post-1649 post type-post status-publish format-standard hentry category-actualites entry\" role=\"listitem\">\n\t\t\t<div class=\"elementor-post__card\">\n\t\t\t\t<div class=\"elementor-post__text\">\n\t\t\t\t<h3 class=\"elementor-post__title\">\n\t\t\t<a href=\"https:\/\/chateaubriant-histoire.fr\/index.php\/2024\/04\/29\/deux-billets-originaux-a-nozay-en-1944\/\" >\n\t\t\t\tDeux billets originaux \u00e0 Nozay en 1944\t\t\t<\/a>\n\t\t<\/h3>\n\t\t\t\t<div class=\"elementor-post__excerpt\">\n\t\t\t<p>Billet 20 francs P\u00eacheur 1942 Billet 20 francs P\u00eacheur 1942 C\u2019est le billet p\u00e9tainiste par excellence. Mis en circulation le 17 d\u00e9cembre 1942, il d\u00e9clame les valeurs du R\u00e9gime de Vichy, autour de la famille et du travail illustr\u00e9es par des dessins de Lucien Jonas. Sur le recto, un p\u00eacheur breton, \u00e0 la fois serein et dot\u00e9 d\u2019une belle force, les mains burin\u00e9es par le labeur, remonte son filet de p\u00eache dans un paysage de Concarneau. Sur le verso, deux Bretonnes et une fillette repr\u00e9sentent une famille unie et heureuse de la Bretagne profonde. Ce billet n\u2019est retir\u00e9 que le 13 novembre 1950. Billet de 100 francs 1944 Ce billet est r\u00e9alis\u00e9 aux \u00c9tats-Unis. Il est mis en circulation \u00e0<\/p>\n\t\t<\/div>\n\t\t\n\t\t<a class=\"elementor-post__read-more\" href=\"https:\/\/chateaubriant-histoire.fr\/index.php\/2024\/04\/29\/deux-billets-originaux-a-nozay-en-1944\/\" aria-label=\"En savoir plus sur Deux billets originaux \u00e0 Nozay en 1944\" tabindex=\"-1\" >\n\t\t\tLire l'article \u00bb\t\t<\/a>\n\n\t\t\t\t<\/div>\n\t\t\t\t<div class=\"elementor-post__meta-data\">\n\t\t\t\t\t<span class=\"elementor-post-date\">\n\t\t\t29 avril 2024\t\t<\/span>\n\t\t\t\t<\/div>\n\t\t\t\t\t<\/div>\n\t\t<\/article>\n\t\t\t\t<article class=\"elementor-post elementor-grid-item post-1572 post type-post status-publish format-standard has-post-thumbnail hentry category-actualites entry\" role=\"listitem\">\n\t\t\t<div class=\"elementor-post__card\">\n\t\t\t\t<a class=\"elementor-post__thumbnail__link\" href=\"https:\/\/chateaubriant-histoire.fr\/index.php\/2023\/10\/12\/la-pierre-bleue-lexposition-doctobre-a-chateaubriant\/\" tabindex=\"-1\" ><div class=\"elementor-post__thumbnail\"><img decoding=\"async\" width=\"334\" height=\"500\" src=\"https:\/\/chateaubriant-histoire.fr\/wp-content\/uploads\/2023\/10\/23-10-12-Abbaretz.jpg\" class=\"attachment-medium_large size-medium_large wp-image-1574\" alt=\"\" srcset=\"https:\/\/chateaubriant-histoire.fr\/wp-content\/uploads\/2023\/10\/23-10-12-Abbaretz.jpg 334w, https:\/\/chateaubriant-histoire.fr\/wp-content\/uploads\/2023\/10\/23-10-12-Abbaretz-200x300.jpg 200w\" sizes=\"(max-width: 334px) 100vw, 334px\" style=\"width:100%;height:149.7%;max-width:334px;\" \/><\/div><\/a>\n\t\t\t\t<div class=\"elementor-post__text\">\n\t\t\t\t<h3 class=\"elementor-post__title\">\n\t\t\t<a href=\"https:\/\/chateaubriant-histoire.fr\/index.php\/2023\/10\/12\/la-pierre-bleue-lexposition-doctobre-a-chateaubriant\/\" >\n\t\t\t\tLa pierre bleue\u00a0: l\u2019exposition d\u2019octobre \u00e0 Ch\u00e2teaubriant\t\t\t<\/a>\n\t\t<\/h3>\n\t\t\t\t<div class=\"elementor-post__excerpt\">\n\t\t\t<p>Un ouvrage de l\u2019HIPPAC est consacr\u00e9 \u00e0 l\u2019histoire de la pierre bleue. C\u2019est surtout une histoire des hommes, des carriers et des tailleurs de pierre. Son origine se perd dans la nuit des temps\u2026 La pierre bleue trouve sa premi\u00e8re splendeur \u00e0 la fin du Moyen \u00c2ge, au ch\u00e2teau de Ch\u00e2teaubriant. Sous la direction de Christian Bouvet, Fran\u00e7ois Aubr\u00e9e, Jean-Pierre Doucet, Yohann Gourdon, Olivier Lavigne, Anne Legrais et Didier Teffo ont \u00e9crit l\u2019ouvrage \u00ab&nbsp;La pierre bleue au Pays de Ch\u00e2teaubriant. De l\u2019histoire, des outils et des hommes&nbsp;\u00bb&nbsp;: 260 pages, 495 documents. Deux ann\u00e9es ont \u00e9t\u00e9 n\u00e9cessaires \u00e0 sa r\u00e9alisation. Voir livre. Une premi\u00e8re exposition a eu lieu \u00e0 Nozay, du 2 au 5&nbsp;juin 2023. Elle a connu un grand succ\u00e8s.<\/p>\n\t\t<\/div>\n\t\t\n\t\t<a class=\"elementor-post__read-more\" href=\"https:\/\/chateaubriant-histoire.fr\/index.php\/2023\/10\/12\/la-pierre-bleue-lexposition-doctobre-a-chateaubriant\/\" aria-label=\"En savoir plus sur La pierre bleue\u00a0: l\u2019exposition d\u2019octobre \u00e0 Ch\u00e2teaubriant\" tabindex=\"-1\" >\n\t\t\tLire l'article \u00bb\t\t<\/a>\n\n\t\t\t\t<\/div>\n\t\t\t\t<div class=\"elementor-post__meta-data\">\n\t\t\t\t\t<span class=\"elementor-post-date\">\n\t\t\t12 octobre 2023\t\t<\/span>\n\t\t\t\t<\/div>\n\t\t\t\t\t<\/div>\n\t\t<\/article>\n\t\t\t\t<article class=\"elementor-post elementor-grid-item post-1166 post type-post status-publish format-standard has-post-thumbnail hentry category-actualites entry\" role=\"listitem\">\n\t\t\t<div class=\"elementor-post__card\">\n\t\t\t\t<a class=\"elementor-post__thumbnail__link\" href=\"https:\/\/chateaubriant-histoire.fr\/index.php\/2023\/10\/11\/la-pierre-bleue-forge-une-identite-culturelle-locale\/\" tabindex=\"-1\" ><div class=\"elementor-post__thumbnail\"><img decoding=\"async\" width=\"750\" height=\"521\" src=\"https:\/\/chateaubriant-histoire.fr\/wp-content\/uploads\/2023\/05\/23-05-21-A-768x534.jpg\" class=\"attachment-medium_large size-medium_large wp-image-1167\" alt=\"\" srcset=\"https:\/\/chateaubriant-histoire.fr\/wp-content\/uploads\/2023\/05\/23-05-21-A-768x534.jpg 768w, https:\/\/chateaubriant-histoire.fr\/wp-content\/uploads\/2023\/05\/23-05-21-A-300x209.jpg 300w, https:\/\/chateaubriant-histoire.fr\/wp-content\/uploads\/2023\/05\/23-05-21-A-1024x712.jpg 1024w, https:\/\/chateaubriant-histoire.fr\/wp-content\/uploads\/2023\/05\/23-05-21-A-1536x1068.jpg 1536w, https:\/\/chateaubriant-histoire.fr\/wp-content\/uploads\/2023\/05\/23-05-21-A-2048x1424.jpg 2048w, https:\/\/chateaubriant-histoire.fr\/wp-content\/uploads\/2023\/05\/23-05-21-A-1568x1090.jpg 1568w\" sizes=\"(max-width: 750px) 100vw, 750px\" style=\"width:100%;height:69.53%;max-width:2560px;\" \/><\/div><\/a>\n\t\t\t\t<div class=\"elementor-post__text\">\n\t\t\t\t<h3 class=\"elementor-post__title\">\n\t\t\t<a href=\"https:\/\/chateaubriant-histoire.fr\/index.php\/2023\/10\/11\/la-pierre-bleue-forge-une-identite-culturelle-locale\/\" >\n\t\t\t\tLa pierre bleue forge une identit\u00e9 culturelle locale\t\t\t<\/a>\n\t\t<\/h3>\n\t\t\t\t<div class=\"elementor-post__excerpt\">\n\t\t\t<p>La pierre bleue fa\u00e7onne depuis des si\u00e8cles les paysages locaux. Parcourir les campagnes\u00a0du Pays de Ch\u00e2teaubriant, c&rsquo;est comme visiter un grand mus\u00e9e \u00e0 ciel ouvert. Aujourd&rsquo;hui, la pierre bleue est un \u00e9l\u00e9ment essentiel du patrimoine historique, industriel, affectif, ancr\u00e9 dans les mentalit\u00e9s locales. Elle est famili\u00e8re aux hommes, dans leur maison, leur jardin, la rue et les champs\u2026<\/p>\n\t\t<\/div>\n\t\t\n\t\t<a class=\"elementor-post__read-more\" href=\"https:\/\/chateaubriant-histoire.fr\/index.php\/2023\/10\/11\/la-pierre-bleue-forge-une-identite-culturelle-locale\/\" aria-label=\"En savoir plus sur La pierre bleue forge une identit\u00e9 culturelle locale\" tabindex=\"-1\" >\n\t\t\tLire l'article \u00bb\t\t<\/a>\n\n\t\t\t\t<\/div>\n\t\t\t\t<div class=\"elementor-post__meta-data\">\n\t\t\t\t\t<span class=\"elementor-post-date\">\n\t\t\t11 octobre 2023\t\t<\/span>\n\t\t\t\t<\/div>\n\t\t\t\t\t<\/div>\n\t\t<\/article>\n\t\t\t\t<\/div>\n\t\t\t\t\t<span class=\"e-load-more-spinner\">\n\t\t\t\t<svg aria-hidden=\"true\" class=\"e-font-icon-svg e-fas-spinner\" viewBox=\"0 0 512 512\" xmlns=\"http:\/\/www.w3.org\/2000\/svg\"><path d=\"M304 48c0 26.51-21.49 48-48 48s-48-21.49-48-48 21.49-48 48-48 48 21.49 48 48zm-48 368c-26.51 0-48 21.49-48 48s21.49 48 48 48 48-21.49 48-48-21.49-48-48-48zm208-208c-26.51 0-48 21.49-48 48s21.49 48 48 48 48-21.49 48-48-21.49-48-48-48zM96 256c0-26.51-21.49-48-48-48S0 229.49 0 256s21.49 48 48 48 48-21.49 48-48zm12.922 99.078c-26.51 0-48 21.49-48 48s21.49 48 48 48 48-21.49 48-48c0-26.509-21.491-48-48-48zm294.156 0c-26.51 0-48 21.49-48 48s21.49 48 48 48 48-21.49 48-48c0-26.509-21.49-48-48-48zM108.922 60.922c-26.51 0-48 21.49-48 48s21.49 48 48 48 48-21.49 48-48-21.491-48-48-48z\"><\/path><\/svg>\t\t\t<\/span>\n\t\t\n\t\t\t\t\t\t<\/div>\n\t\t\t\t<\/div>\n\t\t\t\t\t<\/div>\n\t\t\t\t<\/div>\n\t\t<div class=\"elementor-element elementor-element-eead3a2 e-flex e-con-boxed e-con e-parent\" data-id=\"eead3a2\" data-element_type=\"container\" data-settings=\"{&quot;background_background&quot;:&quot;classic&quot;,&quot;shape_divider_top&quot;:&quot;opacity-fan&quot;}\">\n\t\t\t\t\t<div class=\"e-con-inner\">\n\t\t\t\t<div class=\"elementor-shape elementor-shape-top\" aria-hidden=\"true\" data-negative=\"false\">\n\t\t\t<svg xmlns=\"http:\/\/www.w3.org\/2000\/svg\" viewBox=\"0 0 283.5 19.6\" preserveAspectRatio=\"none\">\n\t<path class=\"elementor-shape-fill\" style=\"opacity:0.33\" d=\"M0 0L0 18.8 141.8 4.1 283.5 18.8 283.5 0z\"\/>\n\t<path class=\"elementor-shape-fill\" style=\"opacity:0.33\" d=\"M0 0L0 12.6 141.8 4 283.5 12.6 283.5 0z\"\/>\n\t<path class=\"elementor-shape-fill\" style=\"opacity:0.33\" d=\"M0 0L0 6.4 141.8 4 283.5 6.4 283.5 0z\"\/>\n\t<path class=\"elementor-shape-fill\" d=\"M0 0L0 1.2 141.8 4 283.5 1.2 283.5 0z\"\/>\n<\/svg>\t\t<\/div>\n\t\t\t\t<div class=\"elementor-element elementor-element-5dca01e elementor-widget elementor-widget-spacer\" data-id=\"5dca01e\" data-element_type=\"widget\" data-widget_type=\"spacer.default\">\n\t\t\t\t<div class=\"elementor-widget-container\">\n\t\t\t\t\t\t\t<div class=\"elementor-spacer\">\n\t\t\t<div class=\"elementor-spacer-inner\"><\/div>\n\t\t<\/div>\n\t\t\t\t\t\t<\/div>\n\t\t\t\t<\/div>\n\t\t\t\t\t<\/div>\n\t\t\t\t<\/div>\n\t\t\t\t<\/div>\n\t\t","protected":false},"excerpt":{"rendered":"","protected":false},"author":1,"featured_media":0,"parent":0,"menu_order":0,"comment_status":"closed","ping_status":"closed","template":"elementor_header_footer","meta":{"footnotes":""},"class_list":["post-769","page","type-page","status-publish","hentry","entry"],"_links":{"self":[{"href":"https:\/\/chateaubriant-histoire.fr\/index.php\/wp-json\/wp\/v2\/pages\/769","targetHints":{"allow":["GET"]}}],"collection":[{"href":"https:\/\/chateaubriant-histoire.fr\/index.php\/wp-json\/wp\/v2\/pages"}],"about":[{"href":"https:\/\/chateaubriant-histoire.fr\/index.php\/wp-json\/wp\/v2\/types\/page"}],"author":[{"embeddable":true,"href":"https:\/\/chateaubriant-histoire.fr\/index.php\/wp-json\/wp\/v2\/users\/1"}],"replies":[{"embeddable":true,"href":"https:\/\/chateaubriant-histoire.fr\/index.php\/wp-json\/wp\/v2\/comments?post=769"}],"version-history":[{"count":26,"href":"https:\/\/chateaubriant-histoire.fr\/index.php\/wp-json\/wp\/v2\/pages\/769\/revisions"}],"predecessor-version":[{"id":1466,"href":"https:\/\/chateaubriant-histoire.fr\/index.php\/wp-json\/wp\/v2\/pages\/769\/revisions\/1466"}],"wp:attachment":[{"href":"https:\/\/chateaubriant-histoire.fr\/index.php\/wp-json\/wp\/v2\/media?parent=769"}],"curies":[{"name":"wp","href":"https:\/\/api.w.org\/{rel}","templated":true}]}}